{"id":2207,"date":"2026-02-18T13:30:09","date_gmt":"2026-02-18T12:30:09","guid":{"rendered":"https:\/\/forclea.fr\/?page_id=2207"},"modified":"2026-02-18T14:25:30","modified_gmt":"2026-02-18T13:25:30","slug":"les-carrences-affectives","status":"publish","type":"page","link":"https:\/\/forclea.fr\/index.php\/les-carrences-affectives\/","title":{"rendered":"LES CARENCES AFFECTIVES"},"content":{"rendered":"\n<h3 class=\"wp-block-heading has-text-align-center\"><span style=\"text-decoration: underline;\">PRINCIPE<\/span><\/h3>\n\n\n\n<p>Ce module s&rsquo;adresse \u00e0 tout professionnel accompagnant des enfants et adolescent(e)s en souffrance psychique, li\u00e9e \u00e0 des probl\u00e9matiques d&rsquo;abandon et de ruptures dans le lien \u00e0 l&rsquo;Autre. <\/p>\n\n\n\n<p class=\"justifier\">Ce module se r\u00e9partit sur 3 temps : <\/p>\n\n\n\n<h4 class=\"wp-block-heading\"><span style=\"text-decoration: underline;\">Temps 1 :<\/span> Apports th\u00e9oriques g\u00e9n\u00e9raux<\/h4>\n\n\n\n<div class=\"wp-block-group is-layout-grid wp-container-core-group-is-layout-478b6e6b wp-block-group-is-layout-grid\">\n<p class=\"has-text-align-justify justifier has-background\" style=\"background-color:#dbf4fb\"> Introduction au d\u00e9veloppement de l&rsquo;Enfant et de l&rsquo;Adolescent avec les scansions majeures de sa construction<\/p>\n\n\n\n<p class=\"has-text-align-justify justifier has-background\" style=\"background-color:#dbf4fb\">Introduction \u00e0 l\u2019historique de la notion de carences et son actualit\u00e9<\/p>\n<\/div>\n\n\n\n<h4 class=\"wp-block-heading\"><span style=\"text-decoration: underline;\">Temps 2 <\/span>: Lectures cliniques<\/h4>\n\n\n\n<div class=\"wp-block-group is-nowrap is-layout-flex wp-container-core-group-is-layout-6c531013 wp-block-group-is-layout-flex\">\n<p class=\"has-text-align-justify justifier has-background\" style=\"background-color:#cefad7\">A partir de vignettes ou de cas cliniques issus de la pratique des participants, afin de favoriser la discussion<\/p>\n\n\n\n<p class=\"has-text-align-justify justifier has-background\" style=\"background-color:#cefad7\">A partir de cas de la litt\u00e9rature (r\u00e9cits de cas ou t\u00e9moignages autobiographiques, documentaires vid\u00e9os&#8230;), faisant une large place aux \u00e9changes avec le groupe<\/p>\n<\/div>\n\n\n\n<h4 class=\"wp-block-heading\"><span style=\"text-decoration: underline;\">Temps 3<\/span> : Elaboration clinique &amp; th\u00e9orique<\/h4>\n\n\n\n<div class=\"wp-block-group is-layout-grid wp-container-core-group-is-layout-478b6e6b wp-block-group-is-layout-grid\">\n<p class=\"has-background\" style=\"background-color:#ffcca4\">Approfondissements \u00e0 partir des apports et de ce qui \u00e9merge des \u00e9changes avec les participants et de leur pratique, avec un \u00e9clairage plus d\u00e9velopp\u00e9 autour de :<\/p>\n\n\n\n<ul style=\"background-color:#ffcca4\" class=\"wp-block-list has-background\">\n<li>\u201cla nature humaine\u201d, fond\u00e9e sur la relation pour le pire et le&#8230; meilleur<\/li>\n\n\n\n<li>le transfert et la posture professionnelle<\/li>\n\n\n\n<li>la r\u00e9flexion \u00e9thique et le \u201cchoix du sujet\u201d<\/li>\n<\/ul>\n<\/div>\n\n\n\n<h3 class=\"wp-block-heading has-text-align-center\"><span style=\"text-decoration: underline;\">LIEU <\/span><\/h3>\n\n\n\n<figure class=\"wp-block-image aligncenter size-large is-resized\"><img loading=\"lazy\" decoding=\"async\" width=\"817\" height=\"741\" src=\"https:\/\/forclea.fr\/wp-content\/uploads\/2025\/02\/referent-handicap-1-1.png?w=817\" alt=\"\" class=\"wp-image-1009\" style=\"width:87px;height:auto\" srcset=\"https:\/\/forclea.fr\/wp-content\/uploads\/2025\/02\/referent-handicap-1-1.png 817w, https:\/\/forclea.fr\/wp-content\/uploads\/2025\/02\/referent-handicap-1-1-300x272.png 300w, https:\/\/forclea.fr\/wp-content\/uploads\/2025\/02\/referent-handicap-1-1-768x697.png 768w\" sizes=\"auto, (max-width: 817px) 100vw, 817px\" \/><\/figure>\n\n\n\n<p>La maison des soignants<\/p>\n\n\n\n<p>Avenue de l&rsquo;h\u00f4pital, 02320 PREMONTRE<\/p>\n\n\n\n<h3 class=\"wp-block-heading has-text-align-center\"><span style=\"text-decoration: underline;\">INTERVENANTS DE FORCLEA<\/span><\/h3>\n\n\n\n<ul class=\"wp-block-list\">\n<li class=\"justifier\">Magali KUDELSKI, psychologue clinicienne<\/li>\n\n\n\n<li class=\"justifier\">Fabien CARRIER, psychologue clinicien<\/li>\n\n\n\n<li class=\"justifier\">Joseph RONDEAU, psychologue clinicien et psychanalyste<\/li>\n<\/ul>\n\n\n\n<h3 class=\"wp-block-heading has-text-align-center\"><span style=\"text-decoration: underline;\">TARIFS<\/span><\/h3>\n\n\n\n<div class=\"wp-block-columns is-layout-flex wp-container-core-columns-is-layout-28f84493 wp-block-columns-is-layout-flex\">\n<div class=\"wp-block-column is-layout-flow wp-block-column-is-layout-flow\">\n<p class=\"has-text-align-center has-background\" style=\"background-color:#dbf4fb;font-size:17px\">Inscription individuelle<\/p>\n\n\n\n<p class=\"has-text-align-center has-background\" style=\"background-color:#dbf4fb;margin-right:0;margin-left:0\">250\u20ac<\/p>\n<\/div>\n\n\n\n<div class=\"wp-block-column is-layout-flow wp-block-column-is-layout-flow\">\n<p class=\"has-text-align-center has-background\" style=\"background-color:#cefad7;margin-right:0;margin-left:0;font-size:17px\">Inscription adh\u00e9rent FORCLEA <\/p>\n\n\n\n<p class=\"has-text-align-center has-background\" style=\"background-color:#cefad7;margin-right:0;margin-left:0\">220\u20ac<\/p>\n<\/div>\n\n\n\n<div class=\"wp-block-column is-layout-flow wp-block-column-is-layout-flow\" style=\"flex-basis:215px\">\n<p class=\"has-text-align-center has-background\" style=\"background-color:#ffd0b5;margin-top:0;margin-right:0;margin-bottom:0;margin-left:0;font-size:17px\">Inscription institutionnelle <\/p>\n\n\n\n<p class=\"has-text-align-center has-background\" style=\"background-color:#ffd0b5;margin-right:0;margin-left:0\">400\u20ac<\/p>\n<\/div>\n<\/div>\n\n\n\n<h3 class=\"wp-block-heading has-text-align-center\">PROGRAMME<\/h3>\n\n\n\n<p><\/p>\n\n\n\n<figure class=\"wp-block-image size-large\"><img loading=\"lazy\" decoding=\"async\" width=\"724\" height=\"1024\" src=\"https:\/\/forclea.fr\/wp-content\/uploads\/2026\/02\/LCA-plaquette-2026-724x1024.png\" alt=\"\" class=\"wp-image-2212\" srcset=\"https:\/\/forclea.fr\/wp-content\/uploads\/2026\/02\/LCA-plaquette-2026-724x1024.png 724w, https:\/\/forclea.fr\/wp-content\/uploads\/2026\/02\/LCA-plaquette-2026-212x300.png 212w, https:\/\/forclea.fr\/wp-content\/uploads\/2026\/02\/LCA-plaquette-2026-768x1086.png 768w, https:\/\/forclea.fr\/wp-content\/uploads\/2026\/02\/LCA-plaquette-2026-1086x1536.png 1086w, https:\/\/forclea.fr\/wp-content\/uploads\/2026\/02\/LCA-plaquette-2026.png 1414w\" sizes=\"auto, (max-width: 724px) 100vw, 724px\" \/><\/figure>\n\n\n\n<figure class=\"wp-block-image size-large\"><img loading=\"lazy\" decoding=\"async\" width=\"724\" height=\"1024\" src=\"https:\/\/forclea.fr\/wp-content\/uploads\/2026\/02\/LCA-plaquette-2026-1-1-724x1024.png\" alt=\"\" class=\"wp-image-2213\" srcset=\"https:\/\/forclea.fr\/wp-content\/uploads\/2026\/02\/LCA-plaquette-2026-1-1-724x1024.png 724w, https:\/\/forclea.fr\/wp-content\/uploads\/2026\/02\/LCA-plaquette-2026-1-1-212x300.png 212w, https:\/\/forclea.fr\/wp-content\/uploads\/2026\/02\/LCA-plaquette-2026-1-1-768x1086.png 768w, https:\/\/forclea.fr\/wp-content\/uploads\/2026\/02\/LCA-plaquette-2026-1-1-1086x1536.png 1086w, https:\/\/forclea.fr\/wp-content\/uploads\/2026\/02\/LCA-plaquette-2026-1-1.png 1414w\" sizes=\"auto, (max-width: 724px) 100vw, 724px\" \/><\/figure>\n\n\n\n<p><\/p>\n\n\n\n<h3 class=\"wp-block-heading has-text-align-center\"><span style=\"text-decoration: underline;\">BULLETIN D&rsquo;INSCRIPTION<\/span><\/h3>\n\n\n\n<p><\/p>\n\n\n\n<div data-wp-interactive=\"core\/file\" class=\"wp-block-file\"><object data-wp-bind--hidden=\"!state.hasPdfPreview\" hidden class=\"wp-block-file__embed\" data=\"https:\/\/forclea.fr\/wp-content\/uploads\/2026\/02\/Bulletin-dinscription-LCA-2026.pdf\" type=\"application\/pdf\" style=\"width:100%;height:600px\" aria-label=\"Contenu embarqu\u00e9 Bulletin d&apos;inscription LCA 2026.\"><\/object><a id=\"wp-block-file--media-060f69ab-de49-4cb0-82ee-53dc63d7871a\" href=\"https:\/\/forclea.fr\/wp-content\/uploads\/2026\/02\/Bulletin-dinscription-LCA-2026.pdf\">Bulletin d&rsquo;inscription LCA 2026<\/a><a href=\"https:\/\/forclea.fr\/wp-content\/uploads\/2026\/02\/Bulletin-dinscription-LCA-2026.pdf\" class=\"wp-block-file__button wp-element-button\" download aria-describedby=\"wp-block-file--media-060f69ab-de49-4cb0-82ee-53dc63d7871a\">T\u00e9l\u00e9charger<\/a><\/div>\n","protected":false},"excerpt":{"rendered":"<p>PRINCIPE Ce module s&rsquo;adresse \u00e0 tout professionnel accompagnant des enfants et adolescent(e)s en souffrance psychique, li\u00e9e \u00e0 des probl\u00e9matiques d&rsquo;abandon [&hellip;]<\/p>\n","protected":false},"author":1,"featured_media":0,"parent":0,"menu_order":0,"comment_status":"closed","ping_status":"closed","template":"","meta":{"site-sidebar-layout":"default","site-content-layout":"","ast-site-content-layout":"default","site-content-style":"default","site-sidebar-style":"default","ast-global-header-display":"","ast-banner-title-visibility":"","ast-main-header-display":"","ast-hfb-above-header-display":"","ast-hfb-below-header-display":"","ast-hfb-mobile-header-display":"","site-post-title":"","ast-breadcrumbs-content":"","ast-featured-img":"","footer-sml-layout":"","ast-disable-related-posts":"","theme-transparent-header-meta":"","adv-header-id-meta":"","stick-header-meta":"","header-above-stick-meta":"","header-main-stick-meta":"","header-below-stick-meta":"","astra-migrate-meta-layouts":"default","ast-page-background-enabled":"default","ast-page-background-meta":{"desktop":{"background-color":"var(--ast-global-color-5)","background-image":"","background-repeat":"repeat","background-position":"center center","background-size":"auto","background-attachment":"scroll","background-type":"","background-media":"","overlay-type":"","overlay-color":"","overlay-opacity":"","overlay-gradient":""},"tablet":{"background-color":"","background-image":"","background-repeat":"repeat","background-position":"center center","background-size":"auto","background-attachment":"scroll","background-type":"","background-media":"","overlay-type":"","overlay-color":"","overlay-opacity":"","overlay-gradient":""},"mobile":{"background-color":"","background-image":"","background-repeat":"repeat","background-position":"center center","background-size":"auto","background-attachment":"scroll","background-type":"","background-media":"","overlay-type":"","overlay-color":"","overlay-opacity":"","overlay-gradient":""}},"ast-content-background-meta":{"desktop":{"background-color":"var(--ast-global-color-4)","background-image":"","background-repeat":"repeat","background-position":"center center","background-size":"auto","background-attachment":"scroll","background-type":"","background-media":"","overlay-type":"","overlay-color":"","overlay-opacity":"","overlay-gradient":""},"tablet":{"background-color":"var(--ast-global-color-4)","background-image":"","background-repeat":"repeat","background-position":"center center","background-size":"auto","background-attachment":"scroll","background-type":"","background-media":"","overlay-type":"","overlay-color":"","overlay-opacity":"","overlay-gradient":""},"mobile":{"background-color":"var(--ast-global-color-4)","background-image":"","background-repeat":"repeat","background-position":"center center","background-size":"auto","background-attachment":"scroll","background-type":"","background-media":"","overlay-type":"","overlay-color":"","overlay-opacity":"","overlay-gradient":""}},"footnotes":""},"class_list":["post-2207","page","type-page","status-publish","hentry"],"yoast_head":"<!-- This site is optimized with the Yoast SEO plugin v27.0 - https:\/\/yoast.com\/product\/yoast-seo-wordpress\/ -->\n<title>LES CARENCES AFFECTIVES -<\/title>\n<meta name=\"robots\" content=\"index, follow, max-snippet:-1, max-image-preview:large, max-video-preview:-1\" \/>\n<link rel=\"canonical\" href=\"https:\/\/forclea.fr\/index.php\/les-carrences-affectives\/\" \/>\n<meta property=\"og:locale\" content=\"fr_FR\" \/>\n<meta property=\"og:type\" content=\"article\" \/>\n<meta property=\"og:title\" content=\"LES CARENCES AFFECTIVES -\" \/>\n<meta property=\"og:description\" content=\"PRINCIPE Ce module s&rsquo;adresse \u00e0 tout professionnel accompagnant des enfants et adolescent(e)s en souffrance psychique, li\u00e9e \u00e0 des probl\u00e9matiques d&rsquo;abandon [&hellip;]\" \/>\n<meta property=\"og:url\" content=\"https:\/\/forclea.fr\/index.php\/les-carrences-affectives\/\" \/>\n<meta property=\"article:modified_time\" content=\"2026-02-18T13:25:30+00:00\" \/>\n<meta property=\"og:image\" content=\"https:\/\/forclea.fr\/wp-content\/uploads\/2025\/02\/referent-handicap-1-1.png\" \/>\n\t<meta property=\"og:image:width\" content=\"817\" \/>\n\t<meta property=\"og:image:height\" content=\"741\" \/>\n\t<meta property=\"og:image:type\" content=\"image\/png\" \/>\n<meta name=\"twitter:card\" content=\"summary_large_image\" \/>\n<meta name=\"twitter:label1\" content=\"Dur\u00e9e de lecture estim\u00e9e\" \/>\n\t<meta name=\"twitter:data1\" content=\"2 minutes\" \/>\n<script type=\"application\/ld+json\" class=\"yoast-schema-graph\">{\"@context\":\"https:\/\/schema.org\",\"@graph\":[{\"@type\":\"WebPage\",\"@id\":\"https:\/\/forclea.fr\/index.php\/les-carrences-affectives\/\",\"url\":\"https:\/\/forclea.fr\/index.php\/les-carrences-affectives\/\",\"name\":\"LES CARENCES AFFECTIVES -\",\"isPartOf\":{\"@id\":\"https:\/\/forclea.fr\/#website\"},\"primaryImageOfPage\":{\"@id\":\"https:\/\/forclea.fr\/index.php\/les-carrences-affectives\/#primaryimage\"},\"image\":{\"@id\":\"https:\/\/forclea.fr\/index.php\/les-carrences-affectives\/#primaryimage\"},\"thumbnailUrl\":\"https:\/\/forclea.fr\/wp-content\/uploads\/2025\/02\/referent-handicap-1-1.png?w=817\",\"datePublished\":\"2026-02-18T12:30:09+00:00\",\"dateModified\":\"2026-02-18T13:25:30+00:00\",\"breadcrumb\":{\"@id\":\"https:\/\/forclea.fr\/index.php\/les-carrences-affectives\/#breadcrumb\"},\"inLanguage\":\"fr-FR\",\"potentialAction\":[{\"@type\":\"ReadAction\",\"target\":[\"https:\/\/forclea.fr\/index.php\/les-carrences-affectives\/\"]}]},{\"@type\":\"ImageObject\",\"inLanguage\":\"fr-FR\",\"@id\":\"https:\/\/forclea.fr\/index.php\/les-carrences-affectives\/#primaryimage\",\"url\":\"https:\/\/forclea.fr\/wp-content\/uploads\/2025\/02\/referent-handicap-1-1.png\",\"contentUrl\":\"https:\/\/forclea.fr\/wp-content\/uploads\/2025\/02\/referent-handicap-1-1.png\",\"width\":817,\"height\":741},{\"@type\":\"BreadcrumbList\",\"@id\":\"https:\/\/forclea.fr\/index.php\/les-carrences-affectives\/#breadcrumb\",\"itemListElement\":[{\"@type\":\"ListItem\",\"position\":1,\"name\":\"Accueil\",\"item\":\"https:\/\/forclea.fr\/\"},{\"@type\":\"ListItem\",\"position\":2,\"name\":\"LES CARENCES AFFECTIVES\"}]},{\"@type\":\"WebSite\",\"@id\":\"https:\/\/forclea.fr\/#website\",\"url\":\"https:\/\/forclea.fr\/\",\"name\":\"FORCLEA\",\"description\":\"L\u2019association FOrmation Recherche et CLinique de l\u2019Enfant et de l\u2019Adolescent (FORCLEA)\",\"publisher\":{\"@id\":\"https:\/\/forclea.fr\/#organization\"},\"potentialAction\":[{\"@type\":\"SearchAction\",\"target\":{\"@type\":\"EntryPoint\",\"urlTemplate\":\"https:\/\/forclea.fr\/?s={search_term_string}\"},\"query-input\":{\"@type\":\"PropertyValueSpecification\",\"valueRequired\":true,\"valueName\":\"search_term_string\"}}],\"inLanguage\":\"fr-FR\"},{\"@type\":\"Organization\",\"@id\":\"https:\/\/forclea.fr\/#organization\",\"name\":\"FORCLEA\",\"url\":\"https:\/\/forclea.fr\/\",\"logo\":{\"@type\":\"ImageObject\",\"inLanguage\":\"fr-FR\",\"@id\":\"https:\/\/forclea.fr\/#\/schema\/logo\/image\/\",\"url\":\"https:\/\/forclea.fr\/wp-content\/uploads\/2025\/04\/cropped-forclea.jpg\",\"contentUrl\":\"https:\/\/forclea.fr\/wp-content\/uploads\/2025\/04\/cropped-forclea.jpg\",\"width\":787,\"height\":787,\"caption\":\"FORCLEA\"},\"image\":{\"@id\":\"https:\/\/forclea.fr\/#\/schema\/logo\/image\/\"}}]}<\/script>\n<!-- \/ Yoast SEO plugin. -->","yoast_head_json":{"title":"LES CARENCES AFFECTIVES -","robots":{"index":"index","follow":"follow","max-snippet":"max-snippet:-1","max-image-preview":"max-image-preview:large","max-video-preview":"max-video-preview:-1"},"canonical":"https:\/\/forclea.fr\/index.php\/les-carrences-affectives\/","og_locale":"fr_FR","og_type":"article","og_title":"LES CARENCES AFFECTIVES -","og_description":"PRINCIPE Ce module s&rsquo;adresse \u00e0 tout professionnel accompagnant des enfants et adolescent(e)s en souffrance psychique, li\u00e9e \u00e0 des probl\u00e9matiques d&rsquo;abandon [&hellip;]","og_url":"https:\/\/forclea.fr\/index.php\/les-carrences-affectives\/","article_modified_time":"2026-02-18T13:25:30+00:00","og_image":[{"width":817,"height":741,"url":"https:\/\/forclea.fr\/wp-content\/uploads\/2025\/02\/referent-handicap-1-1.png","type":"image\/png"}],"twitter_card":"summary_large_image","twitter_misc":{"Dur\u00e9e de lecture estim\u00e9e":"2 minutes"},"schema":{"@context":"https:\/\/schema.org","@graph":[{"@type":"WebPage","@id":"https:\/\/forclea.fr\/index.php\/les-carrences-affectives\/","url":"https:\/\/forclea.fr\/index.php\/les-carrences-affectives\/","name":"LES CARENCES AFFECTIVES -","isPartOf":{"@id":"https:\/\/forclea.fr\/#website"},"primaryImageOfPage":{"@id":"https:\/\/forclea.fr\/index.php\/les-carrences-affectives\/#primaryimage"},"image":{"@id":"https:\/\/forclea.fr\/index.php\/les-carrences-affectives\/#primaryimage"},"thumbnailUrl":"https:\/\/forclea.fr\/wp-content\/uploads\/2025\/02\/referent-handicap-1-1.png?w=817","datePublished":"2026-02-18T12:30:09+00:00","dateModified":"2026-02-18T13:25:30+00:00","breadcrumb":{"@id":"https:\/\/forclea.fr\/index.php\/les-carrences-affectives\/#breadcrumb"},"inLanguage":"fr-FR","potentialAction":[{"@type":"ReadAction","target":["https:\/\/forclea.fr\/index.php\/les-carrences-affectives\/"]}]},{"@type":"ImageObject","inLanguage":"fr-FR","@id":"https:\/\/forclea.fr\/index.php\/les-carrences-affectives\/#primaryimage","url":"https:\/\/forclea.fr\/wp-content\/uploads\/2025\/02\/referent-handicap-1-1.png","contentUrl":"https:\/\/forclea.fr\/wp-content\/uploads\/2025\/02\/referent-handicap-1-1.png","width":817,"height":741},{"@type":"BreadcrumbList","@id":"https:\/\/forclea.fr\/index.php\/les-carrences-affectives\/#breadcrumb","itemListElement":[{"@type":"ListItem","position":1,"name":"Accueil","item":"https:\/\/forclea.fr\/"},{"@type":"ListItem","position":2,"name":"LES CARENCES AFFECTIVES"}]},{"@type":"WebSite","@id":"https:\/\/forclea.fr\/#website","url":"https:\/\/forclea.fr\/","name":"FORCLEA","description":"L\u2019association FOrmation Recherche et CLinique de l\u2019Enfant et de l\u2019Adolescent (FORCLEA)","publisher":{"@id":"https:\/\/forclea.fr\/#organization"},"potentialAction":[{"@type":"SearchAction","target":{"@type":"EntryPoint","urlTemplate":"https:\/\/forclea.fr\/?s={search_term_string}"},"query-input":{"@type":"PropertyValueSpecification","valueRequired":true,"valueName":"search_term_string"}}],"inLanguage":"fr-FR"},{"@type":"Organization","@id":"https:\/\/forclea.fr\/#organization","name":"FORCLEA","url":"https:\/\/forclea.fr\/","logo":{"@type":"ImageObject","inLanguage":"fr-FR","@id":"https:\/\/forclea.fr\/#\/schema\/logo\/image\/","url":"https:\/\/forclea.fr\/wp-content\/uploads\/2025\/04\/cropped-forclea.jpg","contentUrl":"https:\/\/forclea.fr\/wp-content\/uploads\/2025\/04\/cropped-forclea.jpg","width":787,"height":787,"caption":"FORCLEA"},"image":{"@id":"https:\/\/forclea.fr\/#\/schema\/logo\/image\/"}}]}},"_links":{"self":[{"href":"https:\/\/forclea.fr\/index.php\/wp-json\/wp\/v2\/pages\/2207","targetHints":{"allow":["GET"]}}],"collection":[{"href":"https:\/\/forclea.fr\/index.php\/wp-json\/wp\/v2\/pages"}],"about":[{"href":"https:\/\/forclea.fr\/index.php\/wp-json\/wp\/v2\/types\/page"}],"author":[{"embeddable":true,"href":"https:\/\/forclea.fr\/index.php\/wp-json\/wp\/v2\/users\/1"}],"replies":[{"embeddable":true,"href":"https:\/\/forclea.fr\/index.php\/wp-json\/wp\/v2\/comments?post=2207"}],"version-history":[{"count":4,"href":"https:\/\/forclea.fr\/index.php\/wp-json\/wp\/v2\/pages\/2207\/revisions"}],"predecessor-version":[{"id":2219,"href":"https:\/\/forclea.fr\/index.php\/wp-json\/wp\/v2\/pages\/2207\/revisions\/2219"}],"wp:attachment":[{"href":"https:\/\/forclea.fr\/index.php\/wp-json\/wp\/v2\/media?parent=2207"}],"curies":[{"name":"wp","href":"https:\/\/api.w.org\/{rel}","templated":true}]}}